 10189 a multiple of 23?
True
Does 13 divide 715?
True
Is 20 a factor of 449?
False
Is 15 a factor of 1245?
True
Is 3300 a multiple of 17?
False
Does 92 divide 13269?
False
Does 10 divide 8534?
False
Is 140 a multiple of 14?
True
Does 14 divide 1386?
True
Does 14 divide 364?
True
Is 24 a factor of 392?
False
Is 6612 a multiple of 19?
True
Does 79 divide 2485?
False
Is 37193 a multiple of 161?
False
Does 20 divide 640?
True
Does 17 divide 595?
True
Is 17 a factor of 510?
True
Is 15 a factor of 3380?
False
Is 8 a factor of 206?
False
Is 5652 a multiple of 12?
True
Is 103 a factor of 26113?
False
Is 57 a factor of 570?
True
Is 103 a factor of 19355?
False
Is 22 a factor of 1392?
False
Does 16 divide 18416?
True
Is 32 a factor of 43776?
True
Does 17 divide 1572?
False
Is 2 a factor of 360?
True
Is 44 a factor of 13630?
False
Is 21 a factor of 714?
True
Does 48 divide 30643?
False
Is 692 a multiple of 30?
False
Is 13 a factor of 21450?
True
Does 15 divide 47580?
True
Does 40 divide 160?
True
Is 200 a multiple of 10?
True
Does 17 divide 1125?
False
Is 1489 a multiple of 109?
False
Does 7 divide 4127?
False
Is 1152 a multiple of 24?
True
Is 5520 a multiple of 80?
True
Is 2 a factor of 1424?
True
Is 20388 a multiple of 12?
True
Does 9 divide 333?
True
Is 75735 a multiple of 166?
False
Is 2928 a multiple of 16?
True
Is 5 a factor of 409?
False
Does 4 divide 19?
False
Is 1689 a multiple of 178?
False
Is 7808 a multiple of 16?
True
Is 21966 a multiple of 49?
False
Is 15433 a multiple of 31?
False
Does 59 divide 45607?
True
Is 11514 a multiple of 101?
True
Is 17 a factor of 148400?
False
Does 35 divide 25305?
True
Is 25 a factor of 2875?
True
Is 56 a multiple of 18?
False
Does 287 divide 4388?
False
Does 12 divide 4914?
False
Does 36 divide 1728?
True
Is 42 a factor of 1765?
False
Does 16 divide 18054?
False
Does 52 divide 11149?
False
Does 73 divide 146?
True
Does 191 divide 16659?
False
Does 11 divide 17710?
True
Is 14 a factor of 140?
True
Is 27 a factor of 721?
False
Is 9 a factor of 666?
True
Does 9 divide 2071?
False
Is 396 a multiple of 36?
True
Does 18 divide 180?
True
Does 15 divide 120?
True
Is 12 a factor of 4108?
False
Does 25 divide 553?
False
Is 1406 a multiple of 4?
False
Is 17 a factor of 1212?
False
Is 11920 a multiple of 80?
True
Does 3 divide 14?
False
Does 21 divide 515?
False
Is 1349 a multiple of 71?
True
Does 8 divide 34154?
False
Is 29 a factor of 6974?
False
Is 69 a factor of 5441?
False
Does 49 divide 1067?
False
Is 75 a multiple of 17?
False
Is 23 a factor of 79185?
False
Does 166 divide 23240?
True
Is 172 a factor of 25871?
False
Is 92496 a multiple of 328?
True
Is 41 a factor of 41?
True
Does 32 divide 15002?
False
Does 6 divide 36856?
False
Is 74 a factor of 917?
False
Is 14 a factor of 3206?
True
Does 71 divide 15478?
True
Is 3864 a multiple of 23?
True
Does 68 divide 17965?
False
Does 9 divide 65826?
True
Is 1440 a multiple of 160?
True
Is 4996 a multiple of 18?
False
Is 14 a factor of 2268?
True
Is 9 a factor of 14886?
True
Does 25 divide 6773?
False
Is 132 a factor of 1041?
False
Does 14 divide 18914?
True
Is 11130 a multiple of 5?
True
Is 10 a factor of 273?
False
Is 26 a factor of 5699?
False
Is 32 a multiple of 2?
True
Does 50 divide 650?
True
Is 67 a factor of 23182?
True
Is 14 a factor of 1858?
False
Does 5 divide 1072?
False
Is 5820 a multiple of 20?
True
Is 12798 a multiple of 9?
True
Is 13 a factor of 6409?
True
Is 18 a factor of 378?
True
Is 120 a factor of 25899?
False
Is 5 a factor of 1187?
False
Is 2527 a multiple of 72?
False
Is 29 a factor of 772?
False
Is 13 a factor of 7735?
True
Is 9 a factor of 29?
False
Is 680 a multiple of 20?
True
Does 54 divide 4806?
True
Does 14 divide 686?
True
Does 15 divide 523?
False
Is 14728 a multiple of 8?
True
Does 139 divide 11174?
False
Does 111 divide 2075?
False
Is 31 a factor of 7843?
True
Is 150 a factor of 1650?
True
Is 223 a factor of 48956?
False
Does 14 divide 196?
True
Does 11 divide 23881?
True
Is 16 a factor of 6657?
False
Is 66 a factor of 5214?
True
Is 40 a factor of 7000?
True
Is 1455 a multiple of 68?
False
Is 876 a multiple of 3?
True
Does 14 divide 65268?
True
Does 41 divide 21296?
False
Is 2180 a multiple of 9?
False
Is 51979 a multiple of 58?
False
Is 5185 a multiple of 17?
True
Is 12 a factor of 26848?
False
Is 22 a factor of 1430?
True
Does 17 divide 397?
False
Does 8 divide 2947?
False
Is 27 a multiple of 5?
False
Does 38 divide 760?
True
Is 4 a factor of 37468?
True
Is 1454 a multiple of 14?
False
Does 35 divide 986?
False
Does 3 divide 159?
True
Is 80 a factor of 368?
False
Is 41967 a multiple of 50?
False
Is 3215 a multiple of 84?
False
Does 9 divide 5914?
False
Is 26728 a multiple of 13?
True
Does 4 divide 201?
False
Does 56 divide 19839?
False
Does 46 divide 1610?
True
Is 62 a factor of 1736?
True
Is 27320 a multiple of 90?
False
Is 720 a multiple of 45?
True
Is 33 a factor of 26994?
True
Is 3 a factor of 170?
False
Is 6 a factor of 4137?
False
Is 40 a factor of 397?
False
Is 9 a factor of 526?
False
Is 11 a factor of 1288?
False
Does 36 divide 192?
False
Is 28 a factor of 588?
True
Is 16 a factor of 1936?
True
Is 426 a multiple of 6?
True
Is 4 a factor of 601?
False
Is 4899 a multiple of 29?
False
Does 45 divide 9498?
False
Does 29 divide 38?
False
Is 2622 a multiple of 2?
True
Is 2341 a multiple of 32?
False
Does 4 divide 1366?
False
Is 41 a factor of 7585?
True
Is 10 a factor of 15612?
False
Is 26 a factor of 951?
False
Is 11 a factor of 1214?
False
Is 44921 a multiple of 29?
True
Is 15 a factor of 1457?
False
Does 10 divide 1040?
True
Is 77 a factor of 977?
False
Does 13 divide 10790?
True
Does 26 divide 1794?
True
Does 4 divide 4474?
False
Is 23 a factor of 15870?
True
Is 108 a factor of 1933?
False
Is 20 a factor of 400?
True
Is 1715 a multiple of 102?
False
Is 7 a factor of 7?
True
Is 1360 a multiple of 85?
True
Does 10 divide 654?
False
Is 7 a factor of 30015?
False
Is 4686 a multiple of 93?
False
Does 4 divide 8766?
False
Does 41 divide 18368?
True
Is 3061 a multiple of 36?
False
Is 3740 a multiple of 20?
True
Is 33 a factor of 1815?
True
Does 20 divide 16840?
True
Is 564 a multiple of 11?
False
Is 91 a factor of 1092?
True
Is 5538 a multiple of 9?
False
Is 15 a factor of 1402?
False
Is 439 a multiple of 3?
False
Is 16 a factor of 21252?
False
Does 5 divide 12768?
False
Is 58 a multiple of 4?
False
Is 15980 a multiple of 188?
True
Is 9 a factor of 1674?
True
Is 800 a multiple of 33?
False
Is 24 a factor of 7224?
True
Is 9 a factor of 610?
False
Does 17 divide 20723?
True
Is 148 even?
True
Is 39 a factor of 390?
True
Is 3170 a multiple of 5?
True
Is 31 a factor of 2129?
False
Does 2 divide 2754?
True
Is 3 even?
False
Is 666 a multiple of 16?
False
Is 54 a factor of 4644?
True
Is 48 a factor of 34512?
True
Is 947 a multiple of 13?
False
Does 22 divide 6911?
False
Is 1020 a multiple of 40?
False
Is 5 a factor of 2084?
False
Does 64 divide 745?
False
Is 28 a factor of 560?
True
Does 17 divide 61?
False
Is 3083 a multiple of 58?
False
Is 121 a factor of 847?
True
Is 1387 a multiple of 19?
True
Is 1528 a multiple of 8?
True
Is 890 a multiple of 89?
True
Is 2539 a multiple of 8?
False
Does 74 divide 666?
True
Is 889 a multiple of 60?
False
Does 18 divide 432?
True
Is 1536 a multiple of 16?
True
Is 77 a factor of 21110?
False
Is 1088 a multiple of 17?
True
Is 23980 a multiple of 22?
True
Does 33 divide 1485?
True
Does 6 divide 293?
False
Is 1661 a multiple of 2?
False
Does 11 divide 5899?
False
Is 2145 a multiple of 65?
True
Is 63194 a multiple of 186?
False
Is 92 a factor of 25499?
False
Is 5513 a multiple of 3?
False
Does 8 divide 120?
True
Is 30125 a multiple of 26?
False
Does 50 divide 8500?
True
Is 16 a factor of 5136?
True
Does 32 divide 40?
False
Is 14 a factor of 1244?
False
Is 3585 a multiple of 3?
True
Is 80624 a multiple of 14?
False
Is 2 a factor of 4026?
True
Does 88 divide 176?
True
Is 1380 a multiple of 20?
True
Is 17 a factor of 51?
True
Is 90 a factor of 90?
True
Is 877 a multiple of 22?
False
Is 344 a factor of 100374?
False
Is 35 a factor of 1624?
False
Is 6 a factor of 137?
False
Is 1430 a multiple of 54?
False
Does 38 divide 1444?
True
Does 42 divide 34644?
False
Is 20 a factor of 1036?
False
Does 3 divide 67?
False
Doe